332022 is divided by 90?
12
Calculate the remainder when 1132514 is divided by 59.
9
Calculate the remainder when 228108 is divided by 213.
198
Calculate the remainder when 672484 is divided by 183.
142
What is the remainder when 24920 is divided by 1902?
194
Calculate the remainder when 1402529 is divided by 160.
129
Calculate the remainder when 298414 is divided by 285003.
13411
Calculate the remainder when 1935380 is divided by 43.
36
What is the remainder when 1116549 is divided by 2640?
2469
Calculate the remainder when 1450801 is divided by 483552.
145
What is the remainder when 660532 is divided by 330169?
194
What is the remainder when 2497382 is divided by 3819?
3575
What is the remainder when 195543 is divided by 97240?
1063
What is the remainder when 207491 is divided by 694?
679
What is the remainder when 885196 is divided by 177?
19
What is the remainder when 3627309 is divided by 10?
9
Calculate the remainder when 23139174 is divided by 250.
174
What is the remainder when 34011752 is divided by 67350?
2
What is the remainder when 165519246 is divided by 919?
913
Calculate the remainder when 97481140 is divided by 580.
540
Calculate the remainder when 1844361 is divided by 34762.
1975
Calculate the remainder when 17056226 is divided by 897694.
40
What is the remainder when 488601 is divided by 704?
25
Calculate the remainder when 1062212 is divided by 17.
1
Calculate the remainder when 57503601 is divided by 987.
981
What is the remainder when 8715636 is divided by 26?
20
What is the remainder when 4767272 is divided by 651?
650
What is the remainder when 315929530 is divided by 105309837?
19
Calculate the remainder when 108043 is divided by 1384.
91
Calculate the remainder when 3885811 is divided by 2667.
2659
Calculate the remainder when 387574 is divided by 416.
278
What is the remainder when 4124907 is divided by 15865?
7
What is the remainder when 14485 is divided by 3443?
713
Calculate the remainder when 4016900 is divided by 1004220.
20
What is the remainder when 124049 is divided by 1816?
561
Calculate the remainder when 724305 is divided by 913.
296
What is the remainder when 162396803 is divided by 6058?
6055
Calculate the remainder when 829826 is divided by 9428.
162
Calculate the remainder when 811715 is divided by 216.
203
What is the remainder when 600549 is divided by 39890?
2199
Calculate the remainder when 485115 is divided by 1059.
93
Calculate the remainder when 8669742 is divided by 16.
14
Calculate the remainder when 107307 is divided by 121.
101
Calculate the remainder when 80419 is divided by 1690.
989
Calculate the remainder when 481242 is divided by 32.
26
Calculate the remainder when 59290194 is divided by 98.
96
What is the remainder when 10238811 is divided by 90?
51
What is the remainder when 339076 is divided by 97?
61
What is the remainder when 125771737 is divided by 19193?
8
Calculate the remainder when 137972060 is divided by 3365172.
8
Calculate the remainder when 1586039293 is divided by 7948.
7945
What is the remainder when 68420 is divided by 22712?
284
Calculate the remainder when 6320735 is divided by 902959.
22
Calculate the remainder when 4039475 is divided by 14.
13
Calculate the remainder when 104330 is divided by 31825.
8855
What is the remainder when 703807 is divided by 441?
412
What is the remainder when 101741970 is divided by 11758?
11754
Calculate the remainder when 726547 is divided by 136.
35
What is the remainder when 320884 is divided by 79367?
3416
Calculate the remainder when 352507 is divided by 82.
71
Calculate the remainder when 4327546 is divided by 2050.
2046
What is the remainder when 4089128266 is divided by 9076?
9074
Calculate the remainder when 9863945 is divided by 93056.
9
What is the remainder when 2927085 is divided by 1463363?
359
What is the remainder when 789810 is divided by 394850?
110
Calculate the remainder when 6428966 is divided by 3221.
3071
Calculate the remainder when 2943420 is divided by 7008.
60
What is the remainder when 31193 is divided by 254?
205
What is the remainder when 2656470 is divided by 753?
639
Calculate the remainder when 795209 is divided by 62.
59
Calculate the remainder when 371807035 is divided by 40.
35
What is the remainder when 115104 is divided by 3824?
384
What is the remainder when 3038667 is divided by 1456?
1451
What is the remainder when 43614765 is divided by 6015?
0
Calculate the remainder when 78152 is divided by 2980.
672
Calculate the remainder when 245878 is divided by 3851.
3265
What is the remainder when 744316 is divided by 8270?
16
Calculate the remainder when 336020 is divided by 12920.
100
Calculate the remainder when 1260995 is divided by 2677.
128
What is the remainder when 4742606 is divided by 388?
82
Calculate the remainder when 24053180 is divided by 96.
92
Calculate the remainder when 203774184 is divided by 2518.
2516
What is the remainder when 1321428 is divided by 1218?
1116
Calculate the remainder when 32163755 is divided by 4090.
4085
Calculate the remainder when 2054255 is divided by 826.
819
Calculate the remainder when 99417 is divided by 33112.
81
Calculate the remainder when 31222994 is divided by 57607.
0
Calculate the remainder when 20891476 is divided by 87412.
8
What is the remainder when 2112509 is divided by 1265?
1224
What is the remainder when 8362353 is divided by 1641?
1458
What is the remainder when 170296 is divided by 966?
280
What is the remainder when 2586365 is divided by 10959?
41
What is the remainder when 215661 is divided by 143?
17
Calculate the remainder when 361950595 is divided by 951.
946
What is the remainder when 1966873 is divided by 983431?
11
What is the remainder when 65244898 is divided by 1573?
4
Calculate the remainder when 13259 is divided by 123.
98
What is the remainder when 163231 is divided by 81600?
31
What is the remainder when 4988352 is divided by 154?
138
Calculate the remainder when 243862 is divided by 1134.
52
Calculate the remainder when 2528939 is divided by 9882.
9029
Calculate the remainder when 73586121 is divided by 2802.
2799
What is the remainder when 107005 is divided by 9060?
7345
What is the remainder when 729140129 is divided by 90?
89
Calculate the remainder when 17633757 is divided by 26799.
15
What is the remainder when 25993189 is divided by 4441?
16
Calculate the remainder when 1677099 is divided by 84.
39
Calculate the remainder when 267863581 is divided by 10603.
10595
What is the remainder when 24838892 is divided by 92?
88
Calculate the remainder when 208388 is divided by 34681.
302
Calculate the remainder when 532985 is divided by 532983.
2
Calculate the remainder when 92871828 is divided by 46435891.
46
Calculate the remainder when 215975 is divided by 3166.
687
Calculate the remainder when 38428195 is divided by 2011.
2007
Calculate the remainder when 453735 is divided by 1129.
1006
Calculate the remainder when 10228876 is divided by 56827.
16
What is the remainder when 80034 is divided by 2220?
114
Calculate the remainder when 1492938 is divided by 746429.
80
Calculate the remainder when 1386688 is divided by 1618.
62
Calculate the remainder when 1881004 is divided by 4924.
36
Calculate the remainder when 553324 is divided by 9378.
22
Calculate the remainder when 14843975 is divided by 231937.
7
What is the remainder when 500317 is divided by 71468?
41
Calculate the remainder when 2151678 is divided by 321.
15
What is the remainder when 846836 is divided by 846614?
222
Calculate the remainder when 165178427 is divided by 58.
53
Calculate the remainder when 46142 is divided by 53.
32
Calculate the remainder when 61063 is divided by 2543.
31
Calculate the remainder when 773108 is divided by 363.
281
Calculate the remainder when 8421978 is divided by 430.
428
Calculate the remainder when 8601728 is divided by 173.
168
What is the remainder when 4612011 is divided by 2305997?
17
What is the remainder when 326763 is divided by 229?
209
Calculate the remainder when 27449382 is divided by 299.
285
What is the remainder when 156543 is divided by 972?
51
What is the remainder when 134260495 is divided by 1133?
1128
Calculate the remainder when 136171 is divided by 195.
61
Calculate the remainder when 57286 is divided by 1101